92
What is (2 - -15) + 111 + -154 + (35 - 2)?
7
What is 146 + 0 - (1748 - 1682)?
80
Evaluate 10 + 14 + -25 + (-17 - -23 - -9).
14
What is the value of (-1 - 1) + (73 - (9 + -22 + 26) - 12)?
46
Calculate 141 + -37 + 54 + -74.
84
(10079 - 10013) + 0 + -102
-36
Evaluate (0 - 47) + (913 + -919 - (-9 + -1 - 2)).
-41
What is (-3493 - -3446) + (3 - 16 - 2) + -1?
-63
Calculate 5 + (1 - -7) + (-60 - -41) + -81.
-87
Evaluate -72 + (36 - 6) + 22.
-20
Calculate (0 + -11 - -2) + 53 + -24 + -10 + -8.
2
Evaluate 222 - (-110 - -240) - 233.
-141
40 - 28 - ((0 - -105) + (14 - 20) + 3)
-90
(3 + 82 - 1) + (-36 - (24 + (-92 - -39)))
77
Calculate -26 + (-17 - -7) + -99 + 72.
-63
Calculate 1 + 9 + 2 + 2 + -27 + (49 - 48).
-12
What is (-2 - 19) + 10 + (-7 + 12 - 0)?
-6
Calculate 37 + (66 - (59 - 29)).
73
(-4 - (-7 - 28)) + 2 + 41 + -58
16
(-104 - -38 - -25) + 74
33
What is the value of (0 + -7 - (-281 - -265)) + -21 - -30?
18
What is the value of -91 + -16 + 16 + 8 - (0 - -5 - 12)?
-76
Calculate (401 - 432) + 33 + 2 - 84.
-80
What is the value of 68 + (-59 - 2) + -1 + -11 - 12?
-17
Calculate (95 + -37 - 4) + -81.
-27
(-1 - ((-99 - -5) + -2)) + -168 + 151
78
What is -26 - -154 - 83 - -52?
97
-4 + (0 - -9 - (-1090 - -1055 - (26 + 0)))
66
57 + (-28 - -7) - (-14 - 1)
51
Calculate -1 + (0 + -1 - (-31 + 68 - -31)).
-70
130 - (43 + 105) - (-10 + (1 - 2))
-7
Evaluate (-9 - -1) + (16 - 41) - -18.
-15
-39 - ((-75 + 30 - -16) + 14)
-24
What is (-65 - -129) + -128 - (1 - 3 - (-6 - -11))?
-57
Calculate -9 - ((27 - 28 - (0 - -6)) + -42) - 11.
29
Calculate -3 + (10 - 71) - (-206 + 166).
-24
What is the value of -35 + (11 - -3) - (0 + (-18 - -98))?
-101
Evaluate -107 + 132 - 30 - (3 + 0).
-8
Calculate -5 + (-1 + 9 + 12 - -14).
29
What is (22 - 4) + (10 - 194 - -98)?
-68
What is (0 - 0) + 295 + -308 - 35?
-48
Evaluate 57 - (-12 + -7 + 11 + 6).
59
What is -2 + 7 + 5 + (-16 - (8 - (25 + -12)))?
-1
Evaluate 1 - ((2 - (-1 - (-3 + 0))) + -4).
5
-4 + 3 - 6 - ((-70 - -150) + -69)
-18
What is the value of 30 + (27 - 43) + -38?
-24
(3 - -5) + -7 + 8 - (-10 - (49 + 2))
70
(36 - -8) + 8 + -12 + 9 + -3
46
What is the value of 38 + -45 + -3 + 1?
-9
(115 - (319 - 192)) + (87 - -1)
76
What is (-6 + -4 + -1 - 0) + (669 - 693)?
-35
Calculate (-10 - -3) + -4 - (1858 + -1773).
-96
Evaluate 15 + 4 + (238 - 198) - (8 - -5).
46
Calculate 178 - 15 - 185 - (-1 - 55).
34
Calculate 952 + -971 - (-1 - (17 - 5 - -1)).
-5
Evaluate ((-20 - -28) + -32 - -76) + 11.
63
Calculate 1 - 49 - ((-1 - 23) + (-127 - -223 - 83)).
-37
-24 + (36 + -5 - (95 + -213))
125
What is 92 + -43 + -112 + 14?
-49
-6 - (-15 - (-18 + -20 + 29))
0
-41 - (17 + -22) - -21 - -136
121
What is the value of 37 + -2 + -83 + 59?
11
Calculate -4 - (-4 - -5) - (16 - 9) - -8.
-4
What is -56 + (-54 - -65 - (41 + -10))?
-76
What is (6 - (-7 + -98 + 5 + (-14 - -21))) + 0?
99
39 + (0 - 5) - (1 - (4 + -11 + 4))
30
Calculate -9 + -23 - (-116 - -98) - 91.
-105
Calculate (12 + -6 - -6) + (-10 - (-15 - -36)).
-19
What is the value of 9 + (-6 + -7 + 0 - 5) - -39?
30
Evaluate 23 - (35 + -19 + 15).
-8
Evaluate -1 + 27 - (-2317 + 2302) - -3.
44
Calculate (42 - 2) + -1 + -12 + 750 + -719.
58
What is the value of (5 - ((-10 - -9) + -1 + -2)) + -84?
-75
What is the value of -94 + (-23 - -55 - 12 - -6)?
-68
Calculate -922 - -904 - ((-2 - -3) + 0) - -13.
-6
Evaluate (15 - (-5 - -117) - -8 - -14) + 5.
-70
Evaluate (-5 - 37) + (-145 - -222).
35
What is the value of -38 + (26 - (33 + 17)) + -14?
-76
Calculate -7 - (27 + (-21 - -34)).
-47
What is -6 + 14 - (-134 + -93 + 186)?
49
(-7 - -21) + (5 + -13 - 7) + -45
-46
Calculate -21 + -41 + 11 + 7.
-44
Evaluate (-14 - (38 + -13) - -29) + (-58 - 1).
-69
What is 77 + -39 + -176 + 121?
-17
What is the value of (7 - (-2 + 11 + -9)) + (7 - 12 - -36)?
38
Evaluate -1 + 16 - ((-93 - 34) + 163).
-21
Evaluate -5 - (2 - 0 - (-127 - -84)).
-50
Calculate 18 + (-17 - -23 - 69) + -4.
-49
Calculate 20 + 2 - (-2611 + 2519).
114
Evaluate 14 - (36 + -23 + 15) - (-70 + 2).
54
What is (8 + 6 + -5 - (2 - (16 - 16))) + -15?
-8
-116 + 160 + -44 + (2 - -42 - 2)
42
(48 - -35) + -20 - 42
21
Calculate -21 + 1 + (12 - (69 + -46)) + 8.
-23
Calculate 59 - (12 - (51 - 141)).
-43
Calculate -50 + 4 + 8 - (18 - (16 + -10 - -4)).
-46
What is the value of 6 + -46 + 13 + -2?
-29
Calculate (-128 - (22 - 45 - -21 - (-1 + -5))) + 13.
-119
What is the value of 0 - -37 - (502 + (-195 - 158))?
-112
What is 3 + 6 - ((-2 - (4 + -3)) + (2 - -2))?
8
Calculate -58 + 158 + -72 + -97.
-69
Calculate (-13 + -1 - (-193 + 165)) + -39.
-25
Calculate -1 + -6 + -45 + -35 + (103 - 1).
15
Evaluate 42 + 14 + -3 - (10 - (2 - (4 - 4))).
45
Evaluate -1 + -3 + 12 + (-4838 - -4695).
-135
Calculate -70 - (-60 + 64 - 39).
-35
Evaluate -7 + 1 + -3 - (-2 - (10 + 19 + -4)).
18
What is the value of (-13 - -2) + (-10 - (-11 + -9)) + 47?
46
What is the value of -143 + (-53 - (-72 - 66))?
-58
What is 3 - -45 - 55 - -53?
46
What is the value of -91 + 144 - (178 + -12)?
-113
Calculate -2 + -2 + 24 + -13 + 0 + 1 + -53.
-45
-1 + -3 + 0 + (-24 - (-32 + -32) - -7)
43
What is ((228 - 207) + 2 + -12 - -45) + -11?
45
Calculate 26 + (-23 - -33 - (-12 - -2)).
46
(142 - 0 - (3655 + -3620)) + -16
91
What is the value of (-7 - -37) + (-27 - -6 - -14)?
23
Calculate (23 - (-3 - -17)) + (3 - -31).
43
What is 72 + 18 + 8 - 137?
-39
What is 1 + -35 - (-13 - (-36 + 25 + -7))?
-39
What is -90 + 19 - (-76 + 47)?
-42
-25 + 2 - (42 - 59 - (-24 + -2))
-32
Calculate 5 + -46 + -20 + 123 + -105.
-43
Evaluate (-40 - (5 + -41)) + 24.
20
What is the value of 22 + (-89 - -27) + -9 + 0?
-49
What is the value of (-2 + -16 + 12 - (-10 - 0)) + (-11 - 1)?
-8
Calculate -4 - -3 - (9 + -17 - -14).
-7
Calculate (710 - 769) + 9 + 71.
21
What is the value of -133 + -9 + 35 + -16 + 41?
-82
Evaluate 56 + -173 + 47 + -3 + 22.
-51
What is -60 + (-134 - -93) - -71?
-30
What is the value of (-2 + 6 - (11 + -7)) + (36 - 1)?
35
-108 + 90 + 22 + -80
-76
Evaluate -6 + (7 - -120) - (21 + 1 - 23 - 2).
124
Calculate 2 + 7 + -2 + (1 - (106 + -22 - 27)).
-49
What is 59 - (11 - (11 - (-15 - -14)))?
60
Evaluate -1155 + 1221 + (-2 - -2 - 28).
38
(3 - -23) + -7 + 5 + (-304 - -317)
37
What is -50 + 8 + (103 - 8)?
53
What is the value of (4 - 21) + -5 - 12 - -19?
-15
Evaluate (1 - (17 - 2)) + (24 + -2 - -3 - 15).
-4
20 - (59 + -14 + 17)
-42
Calculate (2 - (-11 + -5 + 20)) + 1 + 2.
1
What is (2 - 1) + 27 + -21 + -17 - (-1 + 29)?
-38
What is the value of -14 + (-6 - (-11 - (9 + -15))) - 39?
-54
Calculate -7 + (29 - (-9 - (-8 + -3)) - 15) - -38.
43
Evaluate -57 + 114 - (-8 - 33).
98
Calculate (2 + -73 - -54) + 35.
18
What is (15 - 14 - -10) + -7 + -6 + 7 - -11?
16
84 + 4 - (-54 - (50 - 91))
101
What is -77 - (-18 - -14 - (-3 + 2)) - (16 + -12)?
-78
-884 + 881 - (1 + 14) - -70
52
Evaluate 84 + -92 + (1 - -13 - 2) + (37 - 1).
40
(28 + 0 - 100) + 0 + 9 - 9
-72
What is the value of 60 + -28 + (-54 - -25) - (4 - -1) - 113?
-115
-23 - (-11 - -1 - (55 + -52))
-10
What is -46 - (1 + -9 - (-30 + -2 - -24))?
-46
Calculate 82 + 7 + -10 + 66 + -105.
40
What is the value of (-10 - -20) + (-3 + -1 - (0 - (-41 - -46)))?
11
What is the value of -140 + (195 - (122 + -59))?
-8
1 + (-47 - 6) - (-22 - -17)
-47
Calculate 41 + (-27 - 72) + 54.
-4
Calculate -125 - (-173 + 110 + -17).
-45
What is the value of (85 - (97 - -2)) + 100?
86
What is 19 + (14 - 20 - -1 - -2)?
16
1 + 84 + -23 - (29 + (2 - 13))
44
What is 2 - -11 - (-4169 + 4238)?
-56
What is the value of -2 - (3 + -66) - (-38 + (48 - 6))?
57
169 - ((-94 - -325) + -81)
19
Evaluate -72 - (-59 + -63 + 102).
-52
(7 - 0) + (19 - (10 + 32 + 44))
-60
(-11 - (-7 + 80)) + 0 + -11 - (20 - 7)
-108
What is (4 - ((6 - -2) + -4)) + (18 - 2) + 11?
27
(85 - 82 - -74) + 31
108
Calculate 29 + -84 + 65 + -25.
-15
What is -7637 + 7632 + -3 + 2 + -1 + (0 - 7)?
-14
What is 18 + 13 + -4 + -20 + 37?
44
What is 3 - ((-108 - -6) + -13)?
118
Evaluate (2 - 1) + (7 - -41) - (36 - (-8 - -41)).
46
(37 - 2) + (-45 - (-20 - 14))
24
13 - ((-24 - -6) + (-8 - (-15 - -13)))
37
Calculate 27 + 42 + 0 + -121.
-52
Calculate -35 + (-73 - -153 - 18).
27
(468 - 482) + 12 + -5
-7
What is 90 + -17 - (3 - ((-17 - (-10 + 5)) + 4))?
62
Calculate -8 + (-21 - -1 - (-112 - -96)) - 35.
-47
What is the value of -1 - -11 - (128 + -53 - 60)?
-5
(-4 - 3 - 6) + 62 - 0
49
What is the